common factor of 53745 and 103485?
15
What is the greatest common factor of 12461148 and 11872?
1484
What is the greatest common factor of 40 and 348202?
2
What is the highest common divisor of 8367850 and 94334?
202
Calculate the highest common divisor of 2283 and 165414765.
2283
What is the highest common factor of 9588 and 2559418?
34
Calculate the greatest common factor of 442 and 43395118.
442
What is the greatest common divisor of 1909 and 26546761?
23
Calculate the highest common factor of 82594936 and 16.
8
Calculate the greatest common divisor of 243 and 30411.
9
Calculate the greatest common divisor of 1278 and 127241514.
1278
Calculate the highest common factor of 36077 and 251851.
43
Calculate the highest common divisor of 6762578 and 536.
134
Calculate the highest common factor of 6007230 and 205.
5
What is the greatest common factor of 12214276 and 12?
4
What is the highest common factor of 7666580 and 44020?
1420
What is the greatest common divisor of 24 and 5090956872?
24
Calculate the highest common divisor of 87 and 2820946.
29
Calculate the greatest common divisor of 84194 and 12104.
178
What is the highest common factor of 14 and 29500520?
14
Calculate the highest common divisor of 6364891 and 1508.
377
What is the highest common factor of 915 and 32984835?
915
What is the greatest common factor of 471 and 56835727?
157
What is the greatest common divisor of 15420273 and 5676?
1419
What is the greatest common factor of 136109173 and 3709?
3709
Calculate the highest common divisor of 146611610 and 7530.
2510
Calculate the greatest common factor of 104130640 and 4180.
380
Calculate the highest common factor of 4632514 and 6923177.
12797
What is the greatest common factor of 25848689 and 976?
61
Calculate the greatest common divisor of 88666 and 65704.
86
What is the greatest common divisor of 216647137 and 2044?
511
Calculate the highest common factor of 218518 and 22423.
17
Calculate the greatest common divisor of 1243965 and 308991.
381
What is the greatest common factor of 536158 and 784?
98
Calculate the highest common factor of 2466241 and 2428.
607
What is the greatest common factor of 30 and 8748225?
15
Calculate the greatest common factor of 12052 and 740738.
46
What is the highest common factor of 37481478 and 261912?
9354
What is the highest common divisor of 672 and 33677812?
28
What is the highest common divisor of 1349821 and 58033?
443
What is the greatest common factor of 47298615 and 6090?
105
What is the highest common divisor of 130465 and 11737?
97
What is the greatest common divisor of 2475 and 4476050?
25
What is the highest common divisor of 1837 and 71907?
11
Calculate the highest common divisor of 8800 and 978800.
400
Calculate the greatest common factor of 6016282 and 1363.
1363
Calculate the greatest common divisor of 153795 and 41925.
15
What is the highest common factor of 60616 and 243016?
8
What is the greatest common divisor of 23 and 6007692?
23
What is the highest common divisor of 320 and 69115456?
64
Calculate the highest common divisor of 28 and 472639286.
14
What is the greatest common factor of 1544608 and 52832?
416
What is the greatest common divisor of 30374559 and 897?
69
Calculate the highest common divisor of 166346 and 1426.
62
Calculate the highest common factor of 24518 and 38333594.
598
What is the highest common factor of 10744081 and 2219?
317
Calculate the highest common divisor of 3550572 and 450.
18
What is the greatest common factor of 4067466 and 14352?
78
What is the greatest common divisor of 84 and 653200884?
84
Calculate the highest common factor of 4329153 and 432.
27
Calculate the greatest common divisor of 3202 and 28009495.
1601
What is the highest common factor of 9097 and 38610?
11
Calculate the highest common divisor of 53 and 19896571.
53
What is the highest common divisor of 104283 and 282966127?
11587
What is the highest common factor of 8797 and 966744?
463
What is the greatest common divisor of 3138880 and 5168?
272
What is the greatest common divisor of 101861875 and 6875?
625
Calculate the greatest common factor of 325 and 9803599.
13
Calculate the greatest common factor of 1332 and 38825876.
148
Calculate the greatest common factor of 21987 and 49820099.
2443
What is the greatest common divisor of 91 and 45656?
13
What is the greatest common factor of 15603588 and 2331?
63
What is the greatest common factor of 116250 and 471850?
50
Calculate the greatest common factor of 2640640882 and 22.
22
Calculate the greatest common divisor of 54105004 and 4.
4
What is the highest common divisor of 22124074 and 1?
1
Calculate the highest common divisor of 50368089 and 14205.
2841
What is the greatest common factor of 6320 and 10356505?
395
Calculate the greatest common divisor of 31480505 and 185.
5
Calculate the greatest common divisor of 220365 and 3795.
15
What is the highest common divisor of 31930 and 53597698?
6386
What is the greatest common divisor of 6724 and 3886513?
41
Calculate the highest common divisor of 65466206 and 78.
26
Calculate the greatest common divisor of 22704493 and 98735.
1519
What is the highest common factor of 14840157 and 3516?
879
Calculate the highest common divisor of 117590 and 132550.
110
What is the greatest common factor of 5 and 124732955?
5
Calculate the highest common divisor of 526152 and 11176.
88
What is the greatest common divisor of 312 and 5241848?
8
What is the highest common factor of 1122 and 8032296?
102
Calculate the greatest common divisor of 228724 and 17344.
1084
Calculate the greatest common factor of 814 and 1731202.
22
Calculate the highest common factor of 10744 and 174186152.
632
Calculate the greatest common divisor of 9252348 and 828.
276
What is the greatest common divisor of 2648484 and 8220?
1644
What is the highest common factor of 2712063 and 154919?
1961
Calculate the highest common factor of 5663210 and 50.
10
What is the greatest common factor of 180589 and 418581?
419
Calculate the highest common factor of 1608 and 10984248.
1608
What is the highest common factor of 90 and 27482570?
10
What is the highest common divisor of 100 and 751480?
20
Calculate the greatest common factor of 134 and 10630421.
67
Calculate the highest common divisor of 578 and 2408526.
578
What is the highest common factor of 414607648 and 3633?
1211
What is the highest common factor of 1788631 and 377?
13
What is the greatest common factor of 555061 and 2561?
13
Calculate the greatest common divisor of 2906631 and 57036.
147
What is the greatest common divisor of 4482 and 16155369?
2241
What is the greatest common factor of 18615 and 29325?
255
Calculate the highest common factor of 4094072 and 3667112.
4744
What is the highest common factor of 97416 and 331034?
902
What is the highest common divisor of 1312424 and 7424?
232
What is the greatest common divisor of 291420302 and 61?
61
Calculate the highest common divisor of 867 and 140677975.
289
What is the highest common factor of 24 and 140182962?
6
What is the greatest common factor of 12848 and 1021328?
176
What is the highest common divisor of 20410 and 212160?
130
Calculate the greatest common divisor of 206272 and 6330368.
704
Calculate the highest common divisor of 738 and 7002.
18
Calculate the highest common factor of 37638 and 11100504.
246
Calculate the highest common divisor of 387032 and 287244.
404
Calculate the highest common divisor of 414216 and 88.
88
Calculate the highest common factor of 72985 and 36025.
55
Calculate the highest common divisor of 357149 and 24494.
331
Calculate the greatest common divisor of 37880 and 284120.
40
What is the highest common divisor of 162221 and 1654?
1
Calculate the greatest common factor of 116768521 and 129.
43
What is the greatest common divisor of 671 and 21338317?
11
What is the highest common divisor of 1362378 and 3216?
402
What is the greatest common factor of 411308600 and 3768?
1256
Calculate the highest common factor of 21052 and 353970.
38
What is the greatest common factor of 10096053 and 13002?
6501
What is the highest common divisor of 284765 and 18083?
169
What is the greatest common factor of 6 and 42519638?
2
Calculate the greatest common divisor of 378014 and 1591044.
5642
Calculate the highest 